{"id":79,"date":"2019-05-31T17:53:45","date_gmt":"2019-05-31T15:53:45","guid":{"rendered":"http:\/\/lesgonies.fr\/?page_id=79"},"modified":"2025-08-29T09:55:18","modified_gmt":"2025-08-29T07:55:18","slug":"qui-sommes-nous","status":"publish","type":"page","link":"https:\/\/lesgonies.fr\/index.php\/qui-sommes-nous\/","title":{"rendered":"Qui sommes-nous?"},"content":{"rendered":"\n<p class=\"has-vivid-cyan-blue-color has-text-color\">Les Gonies, c&rsquo;est d&rsquo;abord une histoire de copains, de parents croix-roussiens, bref de \u00ab\u00a0goonies\u00a0\u00bb actuels qui ont l&rsquo;envie de plus de services et d&rsquo;aventures cr\u00e9atives pour les gones de leur quartier.<\/p>\n\n\n\n<p class=\"has-vivid-cyan-blue-color has-text-color\"><br> Pr\u00e9sident: S\u00e9bastien Sohet.<br> Tr\u00e9sorier: Henrique Vilas Boas<br> Secr\u00e9taire: Nassira Bouguern<\/p>\n\n\n\n<p class=\"has-text-color\" style=\"color:#00265b\"><strong>Vos intervenantes: <\/strong><br>Coralie Boulate, licenci\u00e9e de sociologie \u00e0 <a rel=\"noreferrer noopener\" href=\"https:\/\/www.univ-evry.fr\/accueil.html\" target=\"_blank\">l&rsquo;Universit\u00e9 d&rsquo;Evry<\/a>, dipl\u00f4m\u00e9e du DNAT Design de <a rel=\"noreferrer noopener\" href=\"http:\/\/www.esadtpm.fr\/\" target=\"_blank\">l&rsquo;ESAD<\/a> et du DNSEP design d&rsquo;espace de <a rel=\"noreferrer noopener\" href=\"https:\/\/www.ensba-lyon.fr\/\" target=\"_blank\">l&rsquo;ENSBA LYON<\/a> et sensibilis\u00e9e aux gestes qui sauvent (<a href=\"https:\/\/www.croixblanche69.org\/associations-du-rhone\/lyon\/?tx_fsmediagallery_mediagallery%5B%40widget_assets%5D%5BcurrentPage%5D=2&amp;cHash=fb87d354390d31d5f1614abe84fa0401\" target=\"_blank\" rel=\"noreferrer noopener\">Croix Blanche de Lyon<\/a>). <\/p>\n\n\n\n<p class=\"has-text-color\" style=\"color:#00265b\"> Virginie Vilas Boas, dipl\u00f4m\u00e9e d&rsquo;un BT option verrerie cristallerie au lyc\u00e9e technique d&rsquo;<a rel=\"noreferrer noopener\" href=\"https:\/\/www.lycee-jeanmonnet-yzeure.fr\/\" target=\"_blank\">Yzeure<\/a>, d&rsquo;un BTS Arts Textiles et Impression au<a rel=\"noreferrer noopener\" href=\"https:\/\/martiniere-diderot.ent.auvergnerhonealpes.fr\/\" target=\"_blank\"> lyc\u00e9e Diderot Lyon<\/a> et d&rsquo;un CAP fleuriste au <a rel=\"noreferrer noopener\" href=\"https:\/\/www.sepr.edu\/\" target=\"_blank\">SEPR de Lyon<\/a>.<\/p>\n\n\n\n<p class=\"has-luminous-vivid-orange-color has-text-color has-medium-font-size\">En parall\u00e8le de leurs formations en \u00e9coles d&rsquo;art, Coralie et Virginie sont toutes deux animatrices p\u00e9riscolaires, titulaires BAFA, de l&rsquo;<a rel=\"noreferrer noopener\" href=\"https:\/\/ecolejosephcornier.blogs.laclasse.com\/\" target=\"_blank\">\u00e9cole Joseph Cornier<\/a> (Lyon 4). <\/p>\n","protected":false},"excerpt":{"rendered":"<p>Les Gonies, c&rsquo;est d&rsquo;abord une histoire de copains, de parents croix-roussiens, bref de \u00ab\u00a0goonies\u00a0\u00bb actuels qui ont l&rsquo;envie de plus de services et d&rsquo;aventures cr\u00e9atives pour les gones de leur quartier. Pr\u00e9sident: S\u00e9bastien Sohet. Tr\u00e9sorier: Henrique Vilas Boas Secr\u00e9taire: Nassira Bouguern Vos intervenantes: Coralie Boulate, licenci\u00e9e de sociologie \u00e0 l&rsquo;Universit\u00e9 d&rsquo;Evry, dipl\u00f4m\u00e9e du DNAT Design [&hellip;]<\/p>\n","protected":false},"author":1,"featured_media":0,"parent":0,"menu_order":0,"comment_status":"closed","ping_status":"closed","template":"","meta":[],"_links":{"self":[{"href":"https:\/\/lesgonies.fr\/index.php\/wp-json\/wp\/v2\/pages\/79"}],"collection":[{"href":"https:\/\/lesgonies.fr\/index.php\/wp-json\/wp\/v2\/pages"}],"about":[{"href":"https:\/\/lesgonies.fr\/index.php\/wp-json\/wp\/v2\/types\/page"}],"author":[{"embeddable":true,"href":"https:\/\/lesgonies.fr\/index.php\/wp-json\/wp\/v2\/users\/1"}],"replies":[{"embeddable":true,"href":"https:\/\/lesgonies.fr\/index.php\/wp-json\/wp\/v2\/comments?post=79"}],"version-history":[{"count":32,"href":"https:\/\/lesgonies.fr\/index.php\/wp-json\/wp\/v2\/pages\/79\/revisions"}],"predecessor-version":[{"id":3101,"href":"https:\/\/lesgonies.fr\/index.php\/wp-json\/wp\/v2\/pages\/79\/revisions\/3101"}],"wp:attachment":[{"href":"https:\/\/lesgonies.fr\/index.php\/wp-json\/wp\/v2\/media?parent=79"}],"curies":[{"name":"wp","href":"https:\/\/api.w.org\/{rel}","templated":true}]}}